ded by 10?
0
What is the remainder when 271 is divided by 91?
89
What is the remainder when 13092 is divided by 59?
53
What is the remainder when 2435 is divided by 29?
28
What is the remainder when 125 is divided by 24?
5
Calculate the remainder when 66 is divided by 8.
2
What is the remainder when 163 is divided by 21?
16
What is the remainder when 4170 is divided by 72?
66
What is the remainder when 383 is divided by 139?
105
Calculate the remainder when 648 is divided by 13.
11
What is the remainder when 89 is divided by 23?
20
Calculate the remainder when 11010 is divided by 91.
90
Calculate the remainder when 1791 is divided by 164.
151
What is the remainder when 119 is divided by 10?
9
Calculate the remainder when 113 is divided by 5.
3
What is the remainder when 6329 is divided by 16?
9
What is the remainder when 22 is divided by 13?
9
What is the remainder when 1622 is divided by 38?
26
What is the remainder when 3912 is divided by 39?
12
Calculate the remainder when 621 is divided by 24.
21
What is the remainder when 169 is divided by 9?
7
Calculate the remainder when 26166 is divided by 191.
190
Calculate the remainder when 220 is divided by 102.
16
Calculate the remainder when 710 is divided by 350.
10
What is the remainder when 283 is divided by 62?
35
Calculate the remainder when 822 is divided by 103.
101
What is the remainder when 6017 is divided by 25?
17
What is the remainder when 521 is divided by 105?
101
What is the remainder when 1414 is divided by 142?
136
What is the remainder when 2529 is divided by 115?
114
What is the remainder when 6495 is divided by 58?
57
What is the remainder when 221 is divided by 38?
31
Calculate the remainder when 96 is divided by 3.
0
What is the remainder when 468 is divided by 115?
8
Calculate the remainder when 3516 is divided by 23.
20
What is the remainder when 4288 is divided by 130?
128
What is the remainder when 3312 is divided by 118?
8
What is the remainder when 183 is divided by 43?
11
What is the remainder when 554 is divided by 35?
29
What is the remainder when 54 is divided by 5?
4
Calculate the remainder when 200 is divided by 68.
64
What is the remainder when 268 is divided by 68?
64
Calculate the remainder when 45 is divided by 28.
17
What is the remainder when 2633 is divided by 80?
73
What is the remainder when 94 is divided by 10?
4
Calculate the remainder when 99 is divided by 3.
0
Calculate the remainder when 329 is divided by 105.
14
What is the remainder when 74 is divided by 32?
10
What is the remainder when 855 is divided by 97?
79
Calculate the remainder when 81 is divided by 41.
40
What is the remainder when 251 is divided by 61?
7
Calculate the remainder when 5392 is divided by 1348.
0
Calculate the remainder when 4717 is divided by 143.
141
Calculate the remainder when 1614 is divided by 17.
16
Calculate the remainder when 241 is divided by 180.
61
Calculate the remainder when 171 is divided by 53.
12
What is the remainder when 214 is divided by 1?
0
Calculate the remainder when 381 is divided by 83.
49
What is the remainder when 21 is divided by 8?
5
What is the remainder when 1608 is divided by 17?
10
Calculate the remainder when 834 is divided by 22.
20
Calculate the remainder when 277 is divided by 56.
53
Calculate the remainder when 318 is divided by 52.
6
Calculate the remainder when 3913 is divided by 40.
33
Calculate the remainder when 862 is divided by 81.
52
What is the remainder when 2390 is divided by 169?
24
What is the remainder when 1553 is divided by 82?
77
Calculate the remainder when 697 is divided by 20.
17
What is the remainder when 624 is divided by 29?
15
Calculate the remainder when 148 is divided by 22.
16
What is the remainder when 59 is divided by 33?
26
What is the remainder when 147 is divided by 7?
0
Calculate the remainder when 1749 is divided by 79.
11
What is the remainder when 142 is divided by 21?
16
Calculate the remainder when 20 is divided by 4.
0
Calculate the remainder when 298 is divided by 105.
88
Calculate the remainder when 607 is divided by 61.
58
What is the remainder when 2960 is divided by 13?
9
What is the remainder when 1881 is divided by 12?
9
Calculate the remainder when 2372 is divided by 125.
122
What is the remainder when 1066 is divided by 43?
34
Calculate the remainder when 724 is divided by 14.
10
What is the remainder when 1552 is divided by 511?
19
Calculate the remainder when 63 is divided by 34.
29
Calculate the remainder when 159 is divided by 146.
13
Calculate the remainder when 145 is divided by 74.
71
What is the remainder when 318 is divided by 214?
104
What is the remainder when 525 is divided by 31?
29
What is the remainder when 247 is divided by 28?
23
What is the remainder when 3988 is divided by 190?
188
Calculate the remainder when 321 is divided by 82.
75
Calculate the remainder when 232 is divided by 78.
76
What is the remainder when 1162 is divided by 87?
31
What is the remainder when 278 is divided by 82?
32
Calculate the remainder when 404 is divided by 68.
64
Calculate the remainder when 469 is divided by 82.
59
Calculate the remainder when 993 is divided by 243.
21
Calculate the remainder when 5241 is divided by 114.
111
What is the remainder when 265 is divided by 74?
43
What is the remainder when 83 is divided by 17?
15
Calculate the remainder when 473 is divided by 234.
5
What is the remainder when 1826 is divided by 152?
2
Calculate the remainder when 671 is divided by 12.
11
What is the remainder when 13223 is divided by 174?
173
What is the remainder when 297 is divided by 100?
97
What is the remainder when 1148 is divided by 130?
108
Calculate the remainder when 362 is divided by 150.
62
Calculate the remainder when 3050 is divided by 76.
10
What is the remainder when 764 is divided by 45?
44
What is the remainder when 325 is divided by 82?
79
Calculate the remainder when 1211 is divided by 149.
19
Calculate the remainder when 285 is divided by 154.
131
What is the remainder when 98 is divided by 7?
0
What is the remainder when 2376 is divided by 70?
66
What is the remainder when 224 is divided by 49?
28
Calculate the remainder when 485 is divided by 121.
1
What is the remainder when 8416 is divided by 23?
21
What is the remainder when 256 is divided by 47?
21
Calculate the remainder when 35 is divided by 28.
7
Calculate the remainder when 4892 is divided by 55.
52
What is the remainder when 285 is divided by 1?
0
Calculate the remainder when 63 is divided by 24.
15
What is the remainder when 20734 is divided by 27?
25
Calculate the remainder when 29 is divided by 8.
5
Calculate the remainder when 50 is divided by 37.
13
Calculate the remainder when 501 is divided by 56.
53
Calculate the remainder when 20 is divided by 7.
6
What is the remainder when 13674 is divided by 44?
34
What is the remainder when 227 is divided by 6?
5
What is the remainder when 18362 is divided by 4590?
2
What is the remainder when 38 is divided by 5?
3
What is the remainder when 560 is divided by 8?
0
Calculate the remainder when 584 is divided by 95.
14
Calculate the remainder when 271 is divided by 36.
19
What is the remainder when 711 is divided by 13?
9
What is the remainder when 12 is divided by 12?
0
What is the remainder when 10439 is divided by 30?
29
What is the remainder when 2634 is divided by 132?
126
Calculate the remainder when 2004 is divided by 106.
96
Calculate the remainder when 50551 is divided by 411.
409
Calculate the remainder when 754 is divided by 27.
25
What is the remainder when 9025 is divided by 244?
241
What is the remainder when 60 is divided by 16?
12
Calculate the remainder when 888 is divided by 47.
42
Calculate the remainder when 92 is divided by 20.
12
What is the remainder when 5578 is divided by 31?
29
What is the remainder when 58 is divided by 51?
7
Calculate the remainder when 60884 is divided by 205.
204
Calculate the remainder when 2902 is divided by 24.
22
Calculate the remainder when 220 is divided by 15.
10
What is the remainder when 13471 is divided by 11?
7
Calculate the remainder when 344 is divided by 38.
2
What is the remainder when 419 is divided by 68?
11
What is the remainder when 629 is divided by 174?
107
Calculate the remainder when 160 is div